 Let g(f) = 7*f - 4. Let k(n) = 7*n - 5. Let o(a) = -2*g(a) + 3*k(a). Calculate o(j).
7
Let a(u) = -u**2 - 12*u - 5. Let y(v) = -v**3 + 37*v**2 + v + 38. Let s be y(37). Let d = -87 + s. Determine a(d).
-5
Let j(z) = -2*z**3 - z - 3. Let u(v) = -3*v**3 - 2*v**2 - 3*v - 9. Let g(i) = 2*j(i) - u(i). Let b be (-22)/121 - 35/(-11). Calculate g(b).
-3
Let i be -3*(3 - 50/6). Let o = i + -20. Let t(g) = -3*g**3 + 673*g + 4*g**3 - 3 - 677*g + 0*g**3 + 4*g**2. Determine t(o).
13
Let i(n) = 5. Let j(z) = -81*z - 596. Let l(d) = 8*i(d) - j(d). Determine l(-8).
-12
Let t(j) be the first derivative of j**3/3 + 5*j**2 - 14*j + 8. Let p = -800 - -788. Give t(p).
10
Let s(q) be the first derivative of 75 - 11/2*q**2 + 10*q + 1/3*q**3. What is s(10)?
0
Suppose -24*w + 150 = -39*w. Let z be w/6 - (5 - 70/15). Let f(p) = -3*p**2 + 3*p + 6. Let a(g) = -g**2 + 2*g + 3. Let x(o) = -5*a(o) + 2*f(o). Give x(z).
1
Let y(k) = 24*k - 10 - k**2 + 12*k - 16*k. Give y(20).
-10
Let g(u) be the second derivative of u**6/360 - 11*u**5/120 + 133*u**4/12 + u**3/6 + 4*u + 8. Let w(m) be the third derivative of g(m). What is w(7)?
3
Let i(q) = 20*q**2 + 32*q - 9. Let p(u) = 49*u**2 + 63*u - 19. Let j(k) = 7*i(k) - 3*p(k). What is j(5)?
-6
Let y(x) = x**2 - 23*x + 123. Let r(d) = -d**3 + 21*d**2 + 267*d + 103. Let q be r(30). What is y(q)?
-7
Let y(t) = -2*t**3 - 2*t**2 + t - 9. Let m = 2369 + -2372. Calculate y(m).
24
Let q(w) = 2*w**2 + w. Let h(r) = 22*r**2 + 8*r. Let a(s) = h(s) - 7*q(s). Suppose 5*x - 9 = -14. Give a(x).
7
Let l(n) = 407 - 211 - 30*n + 2*n - 14*n - 165 + 3*n**2. Calculate l(13).
-8
Let a(q) = q**3 - 8*q**2 + 3*q + 30. Let z be a(7). Suppose z*m - m = 1. Let d(y) = -33*y - m - y**3 + 3*y**2 + 18*y + 14*y. Calculate d(3).
-4
Let h = 82 + -76. Suppose -2*r - d + 25 = -h*r, 13 = -4*r + 5*d. Let w(b) be the first derivative of b**2 + 9*b + 3. Calculate w(r).
-5
Let k(u) = 18*u + 685. Suppose 159 = -16*b + 275 - 724. What is k(b)?
1
Let n(l) be the second derivative of -31*l**3/6 + l**2 + 533*l. Give n(-1).
33
Let d(r) = 14*r + 3. Let x(l) = -3*l - 1. Let j(w) = -2*d(w) - 9*x(w). Let z(f) = -5*f + 20. Let m(c) = -21*j(c) + 3*z(c). Determine m(-6).
-39
Let g be (-1 + 7)*114/(-144)*-4. Let n(i) = 5*i**2 - 14*i + 6 + g*i - 3*i**2 + 0. Determine n(-5).
31
Let c be (63/12)/((-15)/(-20)). Let q(o) = -c + 8 - 23*o + 25*o. What is q(5)?
11
Suppose -87*h + 89*h - 8 = 2*a, 4*h = -3*a + 2. Let j = -8 + 11. Let i(t) = -2 + 0 - 3 + h + j*t. What is i(-5)?
-18
Suppose 1 = -v - 1. Let j(d) = -74*d**3 + 48*d**2 + 16*d. Let i(h) = 53*h**3 - 34*h**2 - 11*h. Let y(o) = -7*i(o) - 5*j(o). Determine y(v).
6
Let l(j) be the second derivative of 28*j + 1/60*j**5 + 2/3*j**3 - 1/12*j**4 + 0 + 19*j**2. Let u(a) be the first derivative of l(a). Calculate u(3).
7
Let y(q) = -7*q + 6*q - 136 + 5*q**2 - 144 + q**3 + 267. Calculate y(-4).
7
Let q(r) = 2*r - 5. Let o = -106 + 100. Let l(y) be the first derivative of y**2 - 5*y + 4. Let v(j) = o*q(j) + 7*l(j). What is v(-4)?
-13
Let a(w) be the third derivative of w**6/120 + w**5/3 + 19*w**4/24 - 11*w**3/6 + 338*w**2. Determine a(-19).
-11
Let p(q) = -2*q - 6. Suppose -s + 3*s = -8, 0 = -3*i - 3*s. Let m(g) = -5*g - 17. Let r(f) = i*m(f) - 11*p(f). Suppose -38*l - 15 = -91. What is r(l)?
2
Suppose 3*k - k = -14. Suppose -17*r + 8312 + 953 = 0. Let l(d) = 0*d + r - 535 + 2*d. Calculate l(k).
-4
Let g(o) = -o**2 + 4*o + 13. Let a be (0 - (-4)/3)/((-9)/(-27)). Let z(u) = -u**2 + 5*u + 2. Let b be z(a). Determine g(b).
1
Let f(i) = 73*i - 109*i + 66*i - 124 + 34*i. Give f(2).
4
Suppose -15*s = -4*s - 33. Suppose s*g = 4*j - 16, 3*j + 8 = -j - 3*g. Let u(o) = -j - 77*o + 37*o + 39*o. Give u(0).
-1
Suppose -o = -41 + 141. Let g = 99 + o. Let x(z) = 4*z**2 + z + 4*z**2 + 0*z**2 - 2*z**2. What is x(g)?
5
Let v(z) be the first derivative of 6*z**2 + 28*z - 86. Calculate v(0).
28
Let o = 44 + -42. Let r(w) = w**2 + 2*w. Let d(f) = f**2 + f. Let u(y) = -3*d(y) + r(y). Let g(l) = -2*l**2 - 2*l. Let n(b) = 3*g(b) - 4*u(b). Calculate n(o).
4
Let s(m) be the third derivative of 24*m**2 + 0 + 11/60*m**5 + 5/3*m**3 - 1/120*m**6 + 0*m + 11/24*m**4. Calculate s(12).
-2
Let f = -8 - 12. Let d = 24 - 36. Let b be (f/3)/(-2)*d/(-8). Let p(n) = -n**2 + 4*n + 6. Determine p(b).
1
Let c(i) = -37*i**2 - 3*i**2 + 37*i + i**3 - 3*i**2 - 18*i**2 + 25*i**2 - 63. Calculate c(35).
7
Let n(g) be the third derivative of g**5/10 + 5*g**4/24 + 5*g**3/6 + 508*g**2 - 2. Determine n(-1).
6
Suppose -2*f + 8 = 3*h - h, -2*f + 3*h = -3. Suppose 6*r - 3*r - 30 = -6*m, 5*m - 14 = 3*r. Let s(q) = -f*q**r + q**2 - 19 + 37 - 16 + 3*q. Calculate s(-2).
-12
Let y = -628 + 648. Suppose -10 = -y*o + 15*o, 5*o = -4*u + 46. Let x(t) = t**3 - 10*t**2 + 9*t + 2. Determine x(u).
2
Let b(o) be the first derivative of o**4/4 - 8*o**3/3 - 9*o**2/2 + 9*o - 2. Let k = 81521 - 81512. Calculate b(k).
9
Let z(b) be the first derivative of 1/360*b**6 + 0*b**2 - 1/3*b**4 - 25/3*b**3 - 1/40*b**5 - 26 + 0*b. Let j(n) be the third derivative of z(n). Give j(6).
10
Let w = 178 - 175. Let l(v) = 5*v**2 - 10*v**2 - v**w - 1 + 8*v**2. Calculate l(3).
-1
Let p(m) = -m**2 - 6*m + 4. Suppose -10*c + 2*c - 96 = 0. Let w be 3/c - (-250)/8. Suppose 0*a = 4*b + a + w, 2*b - 5*a = 1. Give p(b).
-3
Let o be (0/(-5))/((-4)/(-2)). Let k be (-220)/(-20) + -1 + 1 + o. Suppose 12*y - 1 = k*y. Let n(q) = 11*q**3 - q + 1. What is n(y)?
11
Let w(a) = -252 + 392*a - 332*a - 189 + 500 - 3*a**2. Determine w(21).
-4
Let t(u) be the third derivative of -158*u**2 + 0 + 11/6*u**3 - 5/24*u**4 + 0*u. Determine t(4).
-9
Let r(a) be the first derivative of 75 + 1/3*a**3 + 15*a - 6*a**2. Give r(11).
4
Let m(d) = -6*d. Let y(b) = -b + 1. Let l(o) = -m(o) - 3*y(o). Let a(t) = -6*t + 56. Suppose 8*u - 81 = -u. Let w be a(u). Give l(w).
15
Let x(a) be the second derivative of -a**5/20 + 5*a**4/12 - a**3/3 + 2*a**2 - 375*a. Suppose 4*b + 2*t = -2 + 6, 0 = -b + 4*t + 19. Determine x(b).
16
Let y(t) be the third derivative of -t**6/120 - t**5/5 - 5*t**4/12 + 1730*t**2. Suppose -47 = 5*u - 4*a, 5*a = u + 4 - 3. Determine y(u).
-11
Suppose -486 + 24 = 42*s. Let k(h) = h**2 + 12*h - 21 - 22 + 41. Calculate k(s).
-13
Let u(m) = m**2 - 23*m - 56. Let r be (39/(-182))/((-24)/14) + 1194/48. What is u(r)?
-6
Let x(u) = 114*u**3 - u + 137*u**3 + 9 + 7*u**2 - 390*u**3 + 138*u**3. Let v(s) = -s**3 + 3*s**2 + 7*s - 5. Let w be v(4). What is x(w)?
2
Let f(c) = c**2 - 17*c - 38. Let x(w) = -w**2 - 73*w - 259. Let r be x(-69). Determine f(r).
-38
Let o(i) be the first derivative of -32 - 11/2*i**2 - 6*i + 1/3*i**3. What is o(12)?
6
Suppose -48*z - 245 = 475. Let y(i) = -10*i + 17. Determine y(z).
167
Let o(u) = 7*u**3 - u**2 + 2*u - 8. Let d(l) = l**3 - 1. Let z(g) = -6*d(g) + o(g). Let k = -345 - -348. What is z(k)?
22
Let q(o) = o**3 - 4*o**2 + o - 1. Let m be q(4). Suppose 1 = f - m*r, -4*f + 7*f + 9 = 3*r. Let n(k) be the first derivative of k**2/2 + 11*k + 4. Give n(f).
6
Let k(r) = r**3 - 15*r**2 - 29*r - 85. Let w be (-64)/32*9/(-2)*(-323)/(-171). Determine k(w).
0
Suppose 3*z = -2*z + 30, g - 26 = -3*z. Let n(v) = v**3 - 7*v**2 - 5*v - 19. What is n(g)?
5
Suppose 4*l = -5*o + 27, -o + 6 = o. Let k(i) = 11 + 15 - 3*i - 59 + 19 + 16. Determine k(l).
-7
Let l(o) = -o**2 + 3*o + 18. Suppose 156*u - 157*u = 2*m - 11, -u + 27 = 4*m. Calculate l(m).
-22
Suppose -3*s - 18 - 3 = 0. Let c be (-1 - s)/(2 + (-704)/344). Let d = -135 - c. Let o(q) = -2*q**2 - 7*q. What is o(d)?
-30
Let d(h) = -15*h**3 - 2*h + 728 - 1462 + 5*h**2 - 2*h**2 + 733. Give d(1).
-15
Let z(f) = -9*f**3 + 19*f**2 - 16*f + 6. Let c(w) = 11*w**3 - 25*w**2 + 17*w - 6. Let q(u) = -5*c(u) - 6*z(u). What is q(12)?
-18
Let g(m) = -m**2 - 317*m + 651*m - 3*m**3 + m**2 + 2*m**2 - 335*m + 6. Determine g(3).
-60
Let u(n) be the second derivative of 2 + 75*n - 5/2*n**3 - 21/2*n**2 - 1/12*n**4. Give u(-14).
-7
Let x(w) = -2*w - 667 + 224 + 3*w + 217 + 221. Give x(0).
-5
Let q(v) = -2*v**2 - 21*v + 9. Suppose 61*c - 65*c + 26 = -2*y, c = 2*y + 23. Give q(y).
-2
Suppose -5*q = 4*j + 19, -5*j = -5*q - 3*j - 13. Let x(i) = -184 + 7*i + 105 - i - 33 + 109. Determine x(q).
-21
Let k(i) be the third derivative of -1/24*i**4 - 188*i**2 + 2*i**3 + 0 + 0*i. Let h be -2 + 1 + 8*1. Calculate k(h).
5
Let z(r) = -9*r - 4